7*n = 6. Let w(m) = 2924*m**2 + 2*m - 1. Is w(n) a composite number?
True
Is (54/135)/(2 + (-123324)/61665) a prime number?
True
Let u = 292 - 297. Is 8/20 + -3 + (-52148)/u a composite number?
False
Let v = -138439 + 28784. Let d = -52528 - v. Is d composite?
True
Let b(a) = -36*a**3 + 3*a - 4. Let x be b(3). Let i(j) = -j**3 + 11*j**2 - 23*j - 5. Let v be i(7). Is x*(v/6 - 6) a prime number?
True
Let i = 4482 + -772. Suppose 1615 + 14637 = -10*w + 642. Let p = i + w. Is p prime?
False
Let f(g) = 499*g + 176. Let l be f(2). Suppose a = -5*i + 2330, 0 = -2*i - 3*a - 255 + l. Is i a composite number?
False
Suppose 1089 = f + 2*p, 4*p + 2513 = 3*f - 794. Let z = 2374 - f. Is z prime?
True
Suppose -1644 + 1650 = 3*l, 3*d + 2*l = 929311. Is d a composite number?
False
Suppose 0*y - 3*y + 153 = -4*p, 5*y - 4*p - 255 = 0. Suppose -3*t - 12 = y. Is 16982/t*(-3)/2 prime?
True
Is (45/4)/(-15) - 1501595/(-20) a composite number?
False
Let b(s) = 3387*s + 7006. Is b(49) a prime number?
True
Suppose -1086 = -3*y + 5*v + 720, -4*y - 3*v + 2408 = 0. Suppose 0*z = 7*z - y. Is z prime?
False
Suppose 2*l = l - 2372. Let n = 5863 + l. Is n a composite number?
False
Let n be 1 - (6 + -5) - 1665. Suppose 13364 = 5*y + u + 3*u, 2*y = u + 5356. Let t = y + n. Is t composite?
True
Suppose -240*i + 252*i - 186012 = 0. Let m = 42544 - i. Is m a composite number?
False
Let w = -3 + -18. Let v = -22 - w. Let g(t) = -84*t**3 - t**2 + t + 3. Is g(v) a composite number?
True
Let w = -13665 - -19693. Suppose -2*g - 2104 + w = 4*l, g = 4. Is l prime?
False
Suppose -8*g = -72239 - 52569. Is g a composite number?
False
Suppose 3*k + 541 = -0*o + 2*o, 5*o + 5*k = 1340. Let m = 432 - o. Is m a prime number?
True
Let m = 164036 - 34485. Is m a prime number?
False
Suppose -7*d - 52 + 10 = 0. Let v(c) = 5*c**3 + 3*c**2 - 2*c - 3. Let g be v(4). Is (g/9 + 0)/((-2)/d) a composite number?
True
Let s = -821 - -330. Let r = 1398 + s. Is r a prime number?
True
Suppose -19*m = 71572 + 816507. Let k = -30562 - m. Is k composite?
True
Let b = -159668 - -296775. Is b a prime number?
False
Let v(g) = -11*g + 29. Let z be v(4). Let h(x) = x**2 + 17*x + 30. Let j be h(z). Suppose -2*s = 3*m - 607, s - 1014 = -j*m - 5*m. Is m a composite number?
True
Suppose 2*o + 14 = 0, -4*u + o + 11660 = -46759. Is u composite?
True
Let d = -804 + 1575. Let z = d + 1. Suppose -2*s = 2*p - z, 2*s - 4*p - p = 793. Is s a prime number?
True
Suppose -12*i + g = -7*i - 24, 4*i + 5*g = -4. Suppose 5*o - i*f - 38049 = 0, -o + 4*f + 3273 + 4340 = 0. Is o a composite number?
True
Let q = 98 + -98. Let j(m) = -m**2 + 23*m + 1103. Is j(q) a prime number?
True
Let f(b) = 5074*b - 1. Let w be f(2). Suppose 2*z + 0*z + w = 3*c, -c + 3369 = -4*z. Is c composite?
True
Let u be 3 + 5/15*426. Let d = u - -236. Is d composite?
True
Let l(t) = 1018*t**3 + 5*t**2 + 6*t + 4. Let c be l(-2). Let u = c + 12243. Is u prime?
True
Is (-5781625)/(-150) + 35/(-30) composite?
False
Suppose 2*b - 5*b + 12 = 0. Suppose 4*r - 3*f = 67157, 0*f = -4*r - b*f + 67192. Is r a composite number?
True
Let k = -3579 - -3583. Let w be (1 - 7/2)*-2. Suppose 0 = -2*m - k*t + 414, -w*m - 7*t + 1011 = -3*t. Is m a prime number?
True
Suppose -8*p = 3*p - 363. Suppose -4688 = -x + p. Is x a prime number?
True
Let x be (1246/35)/(18/(-45)). Let m = 223 + x. Is m composite?
True
Let z(p) = 7*p**3 - 31*p**2 + 4*p - 13. Let o(k) = k**3 - 3*k**2 - 1. Let u(f) = -6*o(f) + z(f). Is u(15) composite?
False
Is ((-2084487)/(-6))/(21*1/(-6) - -4) a composite number?
False
Let d be ((-12)/(-24))/(-1 + (-705)/(-706)). Let f = d - -684. Is f prime?
True
Suppose -2 = x - 3*x. Let r(m) = -2*m**3 - 4*m**2 - 8*m - 10. Let k be r(-7). Is 1/((x - -3)/k) a prime number?
False
Suppose 0 = 4*v + 2*u - 21 + 3, -9*v - 4*u + 40 = 0. Suppose -3*i = 9, 4*q - 2*i = -14 - 12. Is v*(-1)/q*2*211 a prime number?
True
Suppose -42*y - 64 = -46*y. Let k(a) = 755*a + 167. Is k(y) composite?
True
Let g(t) = -3*t**2 + 20*t + 11. Let d be g(7). Suppose 7*w + 95396 = d*u + 8*w, 0 = -4*u + 3*w + 95396. Is u a prime number?
False
Suppose -7266 - 60466 = -b. Suppose -11*d + b = 11478. Is d a composite number?
True
Let t = 169 - 169. Is t + -5 + 3 + 5503 a prime number?
True
Suppose -99*q - 167*q + 30366377 + 144777333 = 0. Is q a prime number?
False
Let n = 228208 - 155531. Is n a composite number?
True
Let s = -10035 - -6816. Let u = 830 - s. Is u a prime number?
True
Let u(q) be the first derivative of 11*q**5/30 + 7*q**4/24 + 38*q**3/3 + 22. Let r(s) be the third derivative of u(s). Is r(8) prime?
True
Let w = -193711 - -520958. Is w composite?
False
Let k = 154 + -142. Is 84/(-504) - (0 - 81086/k) composite?
True
Suppose 150*z = 138*z + 36. Suppose 8890 = z*u - 14633. Is u a prime number?
True
Let r(c) = 254*c + 3. Let d be r(12). Suppose -d = -3*z + 3*n, 9*z - 3053 = 6*z + n. Is z prime?
False
Let u(y) = -8598*y + 161. Is u(-49) a composite number?
True
Let v(b) = 297*b - 8 + 74 + 1. Is v(20) a composite number?
False
Let k be (-4)/(-8) - 2190/(-4). Suppose 0 = 6*g - g - 1145. Let j = k - g. Is j prime?
False
Let n = -115 + 55. Let b(z) = -z**2 - 15*z - 9. Let l be b(-14). Is 7832/6 + l/(n/(-8)) a prime number?
False
Let i be (-2)/(-6) - (-2032)/(-3). Suppose -24 = -21*g + 17*g. Is i/(g/(-10) + (-12)/30) a composite number?
False
Let j(v) = 2*v**3 + 61*v**2 + 12*v - 55. Let f be j(-29). Suppose 4*d = -484 + f. Is d a composite number?
False
Let v(j) = 16*j**2 - 17*j + 37. Suppose 8*y = 5 - 101. Is v(y) prime?
False
Let o = 42 + -34. Let q be (-36699)/(-12) + (-36)/(-48). Suppose -o*m + q = -m. Is m composite?
True
Suppose x = 14*x - 325. Suppose -27699 = -5*c + 24*z - x*z, -c - 2*z + 5547 = 0. Is c a prime number?
False
Let l be 10712/6 - (-32)/(-96). Suppose -l = 22*r - 8759. Is r composite?
False
Let q be 3/7 + 3 + 470/14. Let r = 35 - 33. Is (-46)/(-8)*q*2*r a prime number?
False
Let m(y) = 114*y**2 + 1. Let g be m(-1). Suppose 138*x - 5*o + 109 = 141*x, 0 = -3*o - 12. Suppose -x = -l + g. Is l a composite number?
True
Let w(x) = 5*x**2 + 60*x + 3. Let v be w(-12). Suppose 2*g - 4*q - 2446 = 0, 3654 = v*g - q - 0*q. Is g a composite number?
False
Suppose 0 = 13*p - 3*p - 20. Suppose -4*i = 2*o + 14, 5 = -5*o - p*i - 6. Is (-1580)/12*(o - 2) a prime number?
False
Suppose 6*x = 123*x + 115*x - 81777448. Is x a prime number?
True
Suppose 2*x + 2*k - 34 = 0, -38 = 2*x - 4*x - k. Is 799644/28 - ((-27)/x + 1) composite?
False
Let o be -3*2/9 - 1032340/(-60). Suppose -o = -7*l + 2654. Is l a composite number?
False
Suppose -i = 5*j - 114434, 5*j = i - 0*i - 114384. Is i a composite number?
True
Let y = -32758 - -54275. Is y composite?
False
Let a(b) = 135*b**2 + 61*b + 1527. Is a(-19) a prime number?
True
Let u(y) = -3*y**3 - 11 - y**2 - 13*y - 9 + 15. Let p be u(-7). Suppose 3*q = q - 4, -p = -4*c - q. Is c a composite number?
True
Let z(w) = 28*w - 109. Let v be z(4). Suppose 3*g = -5*p + 22253, -14826 = -2*g - 4*p + v*p. Is g a prime number?
True
Let m(g) = -18 + 16*g**2 - 31*g**2 + 8*g + 16*g**2 + 3. Let d be m(-5). Is d/12*(-179 + 1) prime?
False
Let t(d) = d**3 + 22*d**2 + 39*d - 17. Let s be t(-20). Suppose 175152 + 75915 = s*b. Is b composite?
False
Let i(v) = 8*v - 2*v + 74 - 10*v. Let d be i(-17). Is (1 + -12)*(-3)/6*d a composite number?
True
Suppose 105*g - 101*g = 0. Let n(v) = v**3 - v**2 + 8147. Is n(g) composite?
False
Let k = -776 + 2467. Is k composite?
True
Is 378030 + (15 - 15 - 13) composite?
True
Suppose -2 = -2*j - 5*r + 2, -3*j - 5*r + 6 = 0. Let v be 80/(-128)*(-1756)/(-10)*-40. Suppose 0 = -4*c + j*u + v, 5486 = 5*c - 6*u + 3*u. Is c composite?
True
Let f(s) = -2018*s**3 + 1188*s**2 + 7098*s - 7. Is f(-6) a prime number?
True
Let d(w) = -2*w**2 + 47*w - 1 + 4*w**2 + 2*w**2 - 28*w - 15*w. Suppose 4*r - 2*v = 16, 20 = 3*r + 2*r + 2*v. Is d(r) a prime number?
True
Suppose -290387 = -5*a + j, -5*a + 14*j - 4*j + 290315 = 0. Is a composite?
True
Is 1/(98/12906040) - (-10)/14 a prime number?
False
Let z be (-226)/(-12) - (-9)/54. Suppose -z*h + 21*h = 3422. Is h a composite number?
True
Is (8382790/(-52))/(45/(-18)) a prime number?
True
Suppose 3*t = -5*a + 49217, 5*t + 4*a = 29206 + 52831. Is t composite?
True
Let c = 15589 - 9205. Is -5*(c/(-35) + 1) prime?
True
Suppose -4*